remainder when 300 is divided by 93.
21
Calculate the remainder when 29 is divided by 3.
2
Calculate the remainder when 2275 is divided by 756.
7
Calculate the remainder when 183 is divided by 41.
19
Calculate the remainder when 98 is divided by 36.
26
What is the remainder when 582 is divided by 60?
42
Calculate the remainder when 317 is divided by 81.
74
What is the remainder when 13869 is divided by 13?
11
Calculate the remainder when 768 is divided by 35.
33
What is the remainder when 468 is divided by 88?
28
Calculate the remainder when 9206 is divided by 14.
8
Calculate the remainder when 8654 is divided by 15.
14
What is the remainder when 73 is divided by 25?
23
What is the remainder when 530 is divided by 165?
35
Calculate the remainder when 982 is divided by 44.
14
Calculate the remainder when 476 is divided by 160.
156
What is the remainder when 179 is divided by 15?
14
What is the remainder when 43 is divided by 9?
7
Calculate the remainder when 49611 is divided by 157.
156
Calculate the remainder when 1050 is divided by 4.
2
What is the remainder when 53 is divided by 17?
2
Calculate the remainder when 1006 is divided by 371.
264
What is the remainder when 1358 is divided by 8?
6
Calculate the remainder when 424 is divided by 148.
128
What is the remainder when 833 is divided by 201?
29
Calculate the remainder when 1971 is divided by 179.
2
What is the remainder when 927 is divided by 31?
28
What is the remainder when 1935 is divided by 74?
11
What is the remainder when 1200 is divided by 27?
12
What is the remainder when 173 is divided by 11?
8
Calculate the remainder when 5502 is divided by 86.
84
Calculate the remainder when 225 is divided by 4.
1
Calculate the remainder when 289 is divided by 99.
91
Calculate the remainder when 613 is divided by 124.
117
Calculate the remainder when 444 is divided by 18.
12
What is the remainder when 104 is divided by 11?
5
Calculate the remainder when 459 is divided by 26.
17
Calculate the remainder when 72 is divided by 28.
16
Calculate the remainder when 156 is divided by 53.
50
Calculate the remainder when 128 is divided by 65.
63
What is the remainder when 251 is divided by 23?
21
What is the remainder when 755 is divided by 28?
27
What is the remainder when 3942 is divided by 141?
135
Calculate the remainder when 1089 is divided by 181.
3
Calculate the remainder when 700 is divided by 13.
11
What is the remainder when 359 is divided by 87?
11
Calculate the remainder when 980 is divided by 316.
32
Calculate the remainder when 293 is divided by 81.
50
Calculate the remainder when 1844 is divided by 142.
140
Calculate the remainder when 70 is divided by 21.
7
Calculate the remainder when 714 is divided by 31.
1
Calculate the remainder when 47 is divided by 38.
9
What is the remainder when 156 is divided by 41?
33
What is the remainder when 1090 is divided by 86?
58
Calculate the remainder when 69 is divided by 39.
30
Calculate the remainder when 2350 is divided by 1172.
6
What is the remainder when 143 is divided by 51?
41
What is the remainder when 1703 is divided by 155?
153
Calculate the remainder when 1766 is divided by 290.
26
What is the remainder when 441 is divided by 75?
66
What is the remainder when 8 is divided by 5?
3
Calculate the remainder when 1623 is divided by 148.
143
What is the remainder when 1063 is divided by 19?
18
What is the remainder when 1084 is divided by 218?
212
Calculate the remainder when 1922 is divided by 505.
407
What is the remainder when 4518 is divided by 15?
3
Calculate the remainder when 2300 is divided by 1149.
2
Calculate the remainder when 118 is divided by 25.
18
Calculate the remainder when 471 is divided by 164.
143
What is the remainder when 141 is divided by 37?
30
What is the remainder when 10 is divided by 7?
3
Calculate the remainder when 152 is divided by 14.
12
Calculate the remainder when 148 is divided by 5.
3
Calculate the remainder when 4944 is divided by 10.
4
What is the remainder when 380 is divided by 48?
44
Calculate the remainder when 336 is divided by 38.
32
Calculate the remainder when 282 is divided by 18.
12
Calculate the remainder when 58255 is divided by 11.
10
Calculate the remainder when 953 is divided by 243.
224
Calculate the remainder when 114 is divided by 45.
24
What is the remainder when 467 is divided by 18?
17
Calculate the remainder when 313 is divided by 76.
9
Calculate the remainder when 359 is divided by 19.
17
What is the remainder when 11787 is divided by 15?
12
What is the remainder when 10734 is divided by 88?
86
Calculate the remainder when 43 is divided by 34.
9
Calculate the remainder when 149 is divided by 44.
17
Calculate the remainder when 1 is divided by 1.
0
Calculate the remainder when 113 is divided by 44.
25
Calculate the remainder when 372 is divided by 9.
3
Calculate the remainder when 1581 is divided by 52.
21
What is the remainder when 205 is divided by 24?
13
What is the remainder when 58 is divided by 30?
28
What is the remainder when 1538 is divided by 91?
82
Calculate the remainder when 83 is divided by 7.
6
Calculate the remainder when 185 is divided by 15.
5
What is the remainder when 2157 is divided by 26?
25
What is the remainder when 19593 is divided by 276?
273
Calculate the remainder when 2363 is divided by 29.
14
What is the remainder when 163 is divided by 30?
13
Calculate the remainder when 174 is divided by 36.
30
What is the remainder when 378 is divided by 78?
66
What is the remainder when 410 is divided by 19?
11
Calculate the remainder when 2505 is divided by 66.
63
What is the remainder when 583 is divided by 167?
82
What is the remainder when 210 is divided by 203?
7
Calculate the remainder when 628 is divided by 161.
145
What is the remainder when 1595 is divided by 48?
11
What is the remainder when 16 is divided by 11?
5
What is the remainder when 834 is divided by 131?
48
What is the remainder when 491 is divided by 269?
222
Calculate the remainder when 657 is divided by 182.
111
Calculate the remainder when 676 is divided by 100.
76
Calculate the remainder when 984 is divided by 55.
49
What is the remainder when 125 is divided by 21?
20
What is the remainder when 178 is divided by 45?
43
What is the remainder when 272 is divided by 133?
6
Calculate the remainder when 982 is divided by 465.
52
What is the remainder when 1060 is divided by 214?
204
Calculate the remainder when 89 is divided by 17.
4
What is the remainder when 5549 is divided by 27?
14
What is the remainder when 582 is divided by 73?
71
What is the remainder when 569 is divided by 26?
23
Calculate the remainder when 318 is divided by 8.
6
What is the remainder when 357 is divided by 28?
21
What is the remainder when 363 is divided by 13?
12
What is the remainder when 711 is divided by 708?
3
Calculate the remainder when 8164 is divided by 8.
4
What is the remainder when 161 is divided by 3?
2
What is the remainder when 567 is divided by 2?
1
Calculate the remainder when 1264 is divided by 63.
4
What is the remainder when 3651 is divided by 87?
84
Calculate the remainder when 1592 is divided by 106.
2
Calculate the remainder when 626 is divided by 179.
89
What is the remainder when 157 is divided by 11?
3
What is the remainder when 596 is divided by 121?
112
What is the remainder when 38 is divided by 10?
8
Calculate the remainder when 2746 is divided by 10.
6
What is the remainder when 20249 is divided by 75?
74
Calculate the remainder when 630 is divided by 79.
77
Calculate the remainder when 921 is divided by 4.
1
Calculate the remainder when 112 is divided by 92.
20
What is the remainder when 61 is divided by 13?
9
What is the remainder when 479 is divided by 135?
74
Calculate the remainder when 16 is divided by 6.
4
What is the remainder when 35 is divided by 14?
7
What is the remainder when 420 is divided by 51?
12
What is the remainder when 935 is divided by 43?
32
Calculate the remainder when 1819 is divided by 107.
0
Calculate the remainder when 287 is divided by 235.
52
Calculate the remainder when 381 is divided by 74.
11
What is the remainder when 354 is divided by 39?
3
Calculate the remainder when 16044 is divided by 17.
13
What is the remainder when 400 is divided by 130?
10
Calculat